{"id":381,"date":"2023-02-25T19:49:18","date_gmt":"2023-02-25T19:49:18","guid":{"rendered":"https:\/\/dimabot.com\/?page_id=381"},"modified":"2023-03-03T17:48:17","modified_gmt":"2023-03-03T17:48:17","slug":"dimabot-en-bref","status":"publish","type":"page","link":"https:\/\/dimabot.com\/index.php\/dimabot-en-bref\/","title":{"rendered":"Dimabot en Bref"},"content":{"rendered":"\t\t<div data-elementor-type=\"wp-page\" data-elementor-id=\"381\" class=\"elementor elementor-381\">\n\t\t\t\t\t\t<section class=\"elementor-section elementor-top-section elementor-element elementor-element-269225e0 elementor-section-boxed elementor-section-height-default elementor-section-height-default\" data-id=\"269225e0\" data-element_type=\"section\">\n\t\t\t\t\t\t<div class=\"elementor-container elementor-column-gap-default\">\n\t\t\t\t\t<div class=\"elementor-column elementor-col-100 elementor-top-column elementor-element elementor-element-3ed38a11\" data-id=\"3ed38a11\" data-element_type=\"column\">\n\t\t\t<div class=\"elementor-widget-wrap elementor-element-populated\">\n\t\t\t\t\t\t<div class=\"elementor-element elementor-element-72a42fb4 elementor-widget elementor-widget-text-editor\" data-id=\"72a42fb4\" data-element_type=\"widget\" data-widget_type=\"text-editor.default\">\n\t\t\t\t<div class=\"elementor-widget-container\">\n\t\t\t\t\t\t\t<p><!-- wp:paragraph --><\/p>\n<p><strong>Dimabot <\/strong>est une marque marocaine qui se concentre sur l&#8217;am\u00e9lioration de la qualit\u00e9 de vie&nbsp;des consommateurs gr\u00e2ce \u00e0 la technologie innovante.<\/p>\n<p><!-- \/wp:paragraph --><\/p>\n<p><!-- wp:paragraph --><\/p>\n<p><strong>Dimabot <\/strong>est profond\u00e9ment impliqu\u00e9 dans le domaine des appareils m\u00e9nagers haut de gamme,&nbsp;il s&#8217;engage \u00e0 offrir une qualit\u00e9 sup\u00e9rieure et une durabilit\u00e9 exceptionnelle pour tous ses produits. Chaque produit est minutieusement test\u00e9 et v\u00e9rifi\u00e9 pour s&#8217;assurer qu&#8217;il r\u00e9pond aux normes les plus \u00e9lev\u00e9es de qualit\u00e9 et de performance.&nbsp;<\/p>\n<p><!-- \/wp:paragraph --><\/p>\t\t\t\t\t\t<\/div>\n\t\t\t\t<\/div>\n\t\t\t\t\t<\/div>\n\t\t<\/div>\n\t\t\t\t\t<\/div>\n\t\t<\/section>\n\t\t\t\t<\/div>\n\t\t","protected":false},"excerpt":{"rendered":"<p>Dimabot est une marque marocaine qui se concentre sur l&#8217;am\u00e9lioration de la qualit\u00e9 de vie&nbsp;des consommateurs gr\u00e2ce \u00e0 la technologie innovante. Dimabot est profond\u00e9ment impliqu\u00e9 dans le domaine des appareils m\u00e9nagers haut de gamme,&nbsp;il s&#8217;engage \u00e0 offrir une qualit\u00e9 sup\u00e9rieure et une durabilit\u00e9 exceptionnelle pour tous ses produits. Chaque produit est minutieusement test\u00e9 et v\u00e9rifi\u00e9 [&hellip;]<\/p>\n","protected":false},"author":1,"featured_media":0,"parent":0,"menu_order":0,"comment_status":"closed","ping_status":"closed","template":"","meta":{"footnotes":""},"yoast_head":"<!-- This site is optimized with the Yoast SEO plugin v23.5 - https:\/\/yoast.com\/wordpress\/plugins\/seo\/ -->\n<title>Dimabot en Bref - dimabot<\/title>\n<meta name=\"robots\" content=\"index, follow, max-snippet:-1, max-image-preview:large, max-video-preview:-1\" \/>\n<link rel=\"canonical\" href=\"https:\/\/dimabot.com\/index.php\/dimabot-en-bref\/\" \/>\n<meta property=\"og:locale\" content=\"fr_FR\" \/>\n<meta property=\"og:type\" content=\"article\" \/>\n<meta property=\"og:title\" content=\"Dimabot en Bref - dimabot\" \/>\n<meta property=\"og:description\" content=\"Dimabot est une marque marocaine qui se concentre sur l&#8217;am\u00e9lioration de la qualit\u00e9 de vie&nbsp;des consommateurs gr\u00e2ce \u00e0 la technologie innovante. Dimabot est profond\u00e9ment impliqu\u00e9 dans le domaine des appareils m\u00e9nagers haut de gamme,&nbsp;il s&#8217;engage \u00e0 offrir une qualit\u00e9 sup\u00e9rieure et une durabilit\u00e9 exceptionnelle pour tous ses produits. Chaque produit est minutieusement test\u00e9 et v\u00e9rifi\u00e9 [&hellip;]\" \/>\n<meta property=\"og:url\" content=\"https:\/\/dimabot.com\/index.php\/dimabot-en-bref\/\" \/>\n<meta property=\"og:site_name\" content=\"dimabot\" \/>\n<meta property=\"article:publisher\" content=\"https:\/\/www.facebook.com\/profile.php?id=100054576573954&amp;mibextid=LQQJ4d\" \/>\n<meta property=\"article:modified_time\" content=\"2023-03-03T17:48:17+00:00\" \/>\n<meta name=\"twitter:card\" content=\"summary_large_image\" \/>\n<script type=\"application\/ld+json\" class=\"yoast-schema-graph\">{\"@context\":\"https:\/\/schema.org\",\"@graph\":[{\"@type\":\"WebPage\",\"@id\":\"https:\/\/dimabot.com\/index.php\/dimabot-en-bref\/\",\"url\":\"https:\/\/dimabot.com\/index.php\/dimabot-en-bref\/\",\"name\":\"Dimabot en Bref - dimabot\",\"isPartOf\":{\"@id\":\"https:\/\/dimabot.com\/#website\"},\"datePublished\":\"2023-02-25T19:49:18+00:00\",\"dateModified\":\"2023-03-03T17:48:17+00:00\",\"breadcrumb\":{\"@id\":\"https:\/\/dimabot.com\/index.php\/dimabot-en-bref\/#breadcrumb\"},\"inLanguage\":\"fr-FR\",\"potentialAction\":[{\"@type\":\"ReadAction\",\"target\":[\"https:\/\/dimabot.com\/index.php\/dimabot-en-bref\/\"]}]},{\"@type\":\"BreadcrumbList\",\"@id\":\"https:\/\/dimabot.com\/index.php\/dimabot-en-bref\/#breadcrumb\",\"itemListElement\":[{\"@type\":\"ListItem\",\"position\":1,\"name\":\"Accueil\",\"item\":\"https:\/\/dimabot.com\/\"},{\"@type\":\"ListItem\",\"position\":2,\"name\":\"Dimabot en Bref\"}]},{\"@type\":\"WebSite\",\"@id\":\"https:\/\/dimabot.com\/#website\",\"url\":\"https:\/\/dimabot.com\/\",\"name\":\"dimabot\",\"description\":\"\",\"publisher\":{\"@id\":\"https:\/\/dimabot.com\/#organization\"},\"potentialAction\":[{\"@type\":\"SearchAction\",\"target\":{\"@type\":\"EntryPoint\",\"urlTemplate\":\"https:\/\/dimabot.com\/?s={search_term_string}\"},\"query-input\":{\"@type\":\"PropertyValueSpecification\",\"valueRequired\":true,\"valueName\":\"search_term_string\"}}],\"inLanguage\":\"fr-FR\"},{\"@type\":\"Organization\",\"@id\":\"https:\/\/dimabot.com\/#organization\",\"name\":\"dimabot\",\"url\":\"https:\/\/dimabot.com\/\",\"logo\":{\"@type\":\"ImageObject\",\"inLanguage\":\"fr-FR\",\"@id\":\"https:\/\/dimabot.com\/#\/schema\/logo\/image\/\",\"url\":\"https:\/\/dimabot.com\/wp-content\/uploads\/2023\/01\/cropped-logo-dimabot-small-1.png\",\"contentUrl\":\"https:\/\/dimabot.com\/wp-content\/uploads\/2023\/01\/cropped-logo-dimabot-small-1.png\",\"width\":327,\"height\":61,\"caption\":\"dimabot\"},\"image\":{\"@id\":\"https:\/\/dimabot.com\/#\/schema\/logo\/image\/\"},\"sameAs\":[\"https:\/\/www.facebook.com\/profile.php?id=100054576573954&mibextid=LQQJ4d\"]}]}<\/script>\n<!-- \/ Yoast SEO plugin. -->","yoast_head_json":{"title":"Dimabot en Bref - dimabot","robots":{"index":"index","follow":"follow","max-snippet":"max-snippet:-1","max-image-preview":"max-image-preview:large","max-video-preview":"max-video-preview:-1"},"canonical":"https:\/\/dimabot.com\/index.php\/dimabot-en-bref\/","og_locale":"fr_FR","og_type":"article","og_title":"Dimabot en Bref - dimabot","og_description":"Dimabot est une marque marocaine qui se concentre sur l&#8217;am\u00e9lioration de la qualit\u00e9 de vie&nbsp;des consommateurs gr\u00e2ce \u00e0 la technologie innovante. Dimabot est profond\u00e9ment impliqu\u00e9 dans le domaine des appareils m\u00e9nagers haut de gamme,&nbsp;il s&#8217;engage \u00e0 offrir une qualit\u00e9 sup\u00e9rieure et une durabilit\u00e9 exceptionnelle pour tous ses produits. Chaque produit est minutieusement test\u00e9 et v\u00e9rifi\u00e9 [&hellip;]","og_url":"https:\/\/dimabot.com\/index.php\/dimabot-en-bref\/","og_site_name":"dimabot","article_publisher":"https:\/\/www.facebook.com\/profile.php?id=100054576573954&mibextid=LQQJ4d","article_modified_time":"2023-03-03T17:48:17+00:00","twitter_card":"summary_large_image","schema":{"@context":"https:\/\/schema.org","@graph":[{"@type":"WebPage","@id":"https:\/\/dimabot.com\/index.php\/dimabot-en-bref\/","url":"https:\/\/dimabot.com\/index.php\/dimabot-en-bref\/","name":"Dimabot en Bref - dimabot","isPartOf":{"@id":"https:\/\/dimabot.com\/#website"},"datePublished":"2023-02-25T19:49:18+00:00","dateModified":"2023-03-03T17:48:17+00:00","breadcrumb":{"@id":"https:\/\/dimabot.com\/index.php\/dimabot-en-bref\/#breadcrumb"},"inLanguage":"fr-FR","potentialAction":[{"@type":"ReadAction","target":["https:\/\/dimabot.com\/index.php\/dimabot-en-bref\/"]}]},{"@type":"BreadcrumbList","@id":"https:\/\/dimabot.com\/index.php\/dimabot-en-bref\/#breadcrumb","itemListElement":[{"@type":"ListItem","position":1,"name":"Accueil","item":"https:\/\/dimabot.com\/"},{"@type":"ListItem","position":2,"name":"Dimabot en Bref"}]},{"@type":"WebSite","@id":"https:\/\/dimabot.com\/#website","url":"https:\/\/dimabot.com\/","name":"dimabot","description":"","publisher":{"@id":"https:\/\/dimabot.com\/#organization"},"potentialAction":[{"@type":"SearchAction","target":{"@type":"EntryPoint","urlTemplate":"https:\/\/dimabot.com\/?s={search_term_string}"},"query-input":{"@type":"PropertyValueSpecification","valueRequired":true,"valueName":"search_term_string"}}],"inLanguage":"fr-FR"},{"@type":"Organization","@id":"https:\/\/dimabot.com\/#organization","name":"dimabot","url":"https:\/\/dimabot.com\/","logo":{"@type":"ImageObject","inLanguage":"fr-FR","@id":"https:\/\/dimabot.com\/#\/schema\/logo\/image\/","url":"https:\/\/dimabot.com\/wp-content\/uploads\/2023\/01\/cropped-logo-dimabot-small-1.png","contentUrl":"https:\/\/dimabot.com\/wp-content\/uploads\/2023\/01\/cropped-logo-dimabot-small-1.png","width":327,"height":61,"caption":"dimabot"},"image":{"@id":"https:\/\/dimabot.com\/#\/schema\/logo\/image\/"},"sameAs":["https:\/\/www.facebook.com\/profile.php?id=100054576573954&mibextid=LQQJ4d"]}]}},"jetpack_sharing_enabled":true,"_links":{"self":[{"href":"https:\/\/dimabot.com\/index.php\/wp-json\/wp\/v2\/pages\/381"}],"collection":[{"href":"https:\/\/dimabot.com\/index.php\/wp-json\/wp\/v2\/pages"}],"about":[{"href":"https:\/\/dimabot.com\/index.php\/wp-json\/wp\/v2\/types\/page"}],"author":[{"embeddable":true,"href":"https:\/\/dimabot.com\/index.php\/wp-json\/wp\/v2\/users\/1"}],"replies":[{"embeddable":true,"href":"https:\/\/dimabot.com\/index.php\/wp-json\/wp\/v2\/comments?post=381"}],"version-history":[{"count":13,"href":"https:\/\/dimabot.com\/index.php\/wp-json\/wp\/v2\/pages\/381\/revisions"}],"predecessor-version":[{"id":892,"href":"https:\/\/dimabot.com\/index.php\/wp-json\/wp\/v2\/pages\/381\/revisions\/892"}],"wp:attachment":[{"href":"https:\/\/dimabot.com\/index.php\/wp-json\/wp\/v2\/media?parent=381"}],"curies":[{"name":"wp","href":"https:\/\/api.w.org\/{rel}","templated":true}]}}